pose 0 = -0*u - 3*u + 93. Let x = u - 19. What is the remainder when 46 is divided by x?
10
Suppose 0*c + 16 = 4*c. Suppose -5*q = -c*u + 23 - 6, 5*u = -q + 14. What is the remainder when 9 is divided by u?
0
Let f(j) be the first derivative of j**3/3 + j**2/2 + 73*j + 6. What is the remainder when f(0) is divided by 19?
16
Suppose 0*x + 2*x = 0. Suppose x = -4*l + 3*g + 25, -3*l + g + 3 = -17. Calculate the remainder when 13 is divided by l.
6
Let u = 3 + -1. Suppose 5*r = 4*t - 26, 6 = 3*t + t + 5*r. Calculate the remainder when t is divided by u.
0
Let g be 2/(-7) + (-222)/(-42). Suppose -5*h = -2*h - 87. Suppose h + 6 = g*c. Calculate the remainder when 12 is divided by c.
5
Let w = 92 + -83. Calculate the remainder when 32 is divided by w.
5
What is the remainder when ((-82)/4)/(5/(-20)) is divided by 23?
13
Suppose -75 = -5*o + 5*d, 75 = 5*o - d - 8. What is the remainder when o is divided by 10?
7
Suppose 2*p + 60 = 4*p. What is the remainder when p is divided by 11?
8
Suppose -224 = -16*c + 144. Calculate the remainder when 37 is divided by c.
14
Let m = -23 - 16. Suppose -y - 5*l = -70, 3*y - 3*l - 101 = y. Let g = y + m. Calculate the remainder when 30 is divided by g.
14
Let o(a) = 2*a**2 - 4*a - 4. Let l be ((-2)/4)/(3/(-24)). What is the remainder when 22 is divided by o(l)?
10
Suppose 0 = -3*l + 64 + 62. Calculate the remainder when l is divided by 11.
9
Let g = 19 + -12. Suppose -i + 23 = 4. Calculate the remainder when i is divided by g.
5
Let a be (9/(-6))/(3/4). Suppose r + 3*r + 224 = 0. Calculate the remainder when 25 is divided by a/(2 - r/(-26)).
12
Let f = 43 - 26. Calculate the remainder when 49 is divided by f.
15
Let k be 2/((-6)/9)*-1. Suppose 6*u + 3*g = k*u + 60, 49 = 2*u + 5*g. Suppose 3*p - 23 = 124. Calculate the remainder when p is divided by u.
15
What is the remainder when (86/4)/((-2)/(-4)) is divided by 15?
13
Let l(s) = 2*s - 2. Let q be l(2). Suppose -14 = -2*g - q. Calculate the remainder when 16 is divided by g.
4
Let q(d) = d**2 + 2*d + 2. Calculate the remainder when 27 is divided by q(-4).
7
Suppose -4*q = 5*z - 19, -z + 2*z + 5*q = 8. Suppose 5*g - 4*p = -9*p + 40, 5*p = 5*g - 90. Calculate the remainder when g/3 + (-1)/3 is divided by z.
1
Let p = -115 + 201. Suppose p = -0*c + 2*c. Suppose -5*v + 4*v - 4*h + c = 0, -5*v = 2*h - 215. Calculate the remainder when v is divided by 11.
10
Let q = 24 - 9. Suppose -4*h = 3*d - 26, -3*h + 3*d = h - 38. Suppose g + 4*o + h = 40, -5*o = 15. What is the remainder when g is divided by q?
14
Let v(z) = 2*z - 7. Let f be v(6). Let c be (4 - 2)/((-6)/(-9)). Suppose -12 = c*y - f*y. Calculate the remainder when 10 is divided by y.
4
Let h be 2/8 + 19/4. Suppose -b + 40 = -5*p, 3*p = h*b - 1 - 177. Suppose 0 = -m + c + 16, m = -2*c + 5 - 1. Calculate the remainder when b is divided by m.
11
Suppose 4*t - 25 = -3*k, t - 64 + 9 = -4*k. Calculate the remainder when 44 is divided by k.
14
Let i = -39 - -64. Let c(n) = -n**3 + 12*n**2 - 3*n - 16. Calculate the remainder when c(11) is divided by i.
22
Suppose p = -2, -b + 22 = 4*b - p. Suppose 64 + 4 = b*f. Calculate the remainder when 32 is divided by f.
15
Let m(c) = c**3 + 4*c**2 - 5*c + 1. Let x be m(-5). Suppose x = -i - r + 9, 0 = i + 2*r - 5. What is the remainder when (-2 - (-17 + 3)*-1)*-2 is divided by i?
10
Let i = 26 - 15. What is the remainder when 42 is divided by i?
9
What is the remainder when 36 is divided by 1/(3/51) + 2?
17
Let h = 4 - 1. Suppose -h*f = -0*f - 12, 0 = -3*q - 3*f + 54. Suppose 3*z - 18 = -3*b + 54, z = 2*b + 27. What is the remainder when z is divided by q?
11
Let x(k) = -3*k - 8. Let v(u) = u**2 + 5*u - 7. Let j be v(-5). Calculate the remainder when (1 - -3) + -3 + 36 is divided by x(j).
11
Let c(w) = 8*w + 41. Calculate the remainder when 114 is divided by c(-3).
12
Let a(w) be the first derivative of w**2 + 3*w - 3. Let v(g) = -g - 1. Let c(m) = -2*a(m) - 6*v(m). Calculate the remainder when 11 is divided by c(3).
5
Suppose -b - 5*l - 2 = 1, 3*b - 2*l = 42. What is the remainder when 20 is divided by b?
8
Let r(a) = a**3 - 3*a**2 + 4*a - 6. What is the remainder when r(4) is divided by 9?
8
Let d(l) = -21*l + 5. What is the remainder when d(-4) is divided by 18?
17
Suppose -10 = 2*g, 3*j + 0*j + 2*g - 32 = 0. Suppose -j = -a - r, 0 = -5*r + 1 - 11. Calculate the remainder when a is divided by 6.
4
Let q(c) be the third derivative of c**5/60 + c**4/4 + 4*c**3/3 + 3*c**2. Let t be q(-8). Let m = t - 10. What is the remainder when m is divided by 5?
4
Suppose 2*g + 1 - 7 = 0. Let r = -1 + g. What is the remainder when r is divided by -2 + -3*(-12)/9?
0
Let x = -86 + 181. What is the remainder when x is divided by 34?
27
What is the remainder when 2/((-3 - -4)/5) is divided by 3?
1
Suppose 0 = -2*d + 7*d - 80. What is the remainder when d is divided by 7?
2
Let o = -1 + 1. Suppose o = k - 4*k + 12. Suppose -3*m + 11 = k*i, -2*m = 3*m + 15. Calculate the remainder when i is divided by 2.
1
Let f(s) = 0*s - s - 6*s - 3 + 5. What is the remainder when 67 is divided by f(-3)?
21
Suppose 2 = 2*w - 0, 25 = o - 5*w. Calculate the remainder when 87 is divided by o.
27
Let o(w) = -w**3 - 2*w**2 + 2. Suppose 2*k - 9 = -k. Suppose -a - k = 1. Calculate the remainder when o(a) is divided by 12.
10
Let f(j) = -j**3 - 3*j**2 - j - 2. Let u be f(-3). Suppose 4*x - 13 = -u. Calculate the remainder when x is divided by 2.
1
Suppose 5*a = 3*v - 62, -5*v + 3*v + 3*a = -42. What is the remainder when 67 is divided by v?
19
Let j(a) = 63*a**2 - 11*a + 20. What is the remainder when j(2) is divided by 42?
40
Let y = 51 + 4. What is the remainder when y is divided by (7/(-28) - 70/24)*-6?
17
Calculate the remainder when 105 is divided by 31 + -1 + (0 - (-12)/(-4)).
24
Let u be 1/(-2)*(-1 - -5). What is the remainder when u/(-5) + 38/5 is divided by 3?
2
Let d be (-66)/8 + (-3)/(-12). What is the remainder when -15*(-4)/d*-4 is divided by 16?
14
Let q = 187 + -109. Calculate the remainder when q is divided by 20.
18
Let w = 2 - 0. Suppose l - w = 6. Calculate the remainder when l is divided by ((-2)/6)/((-1)/9).
2
Let v = 208 + -188. Let c = 37 + 0. What is the remainder when c is divided by v?
17
Suppose 0*z + 796 = 4*z. Suppose 0*u - w = -5*u + z, -5*u = 3*w - 203. What is the remainder when u is divided by 14?
12
Let u = 50 + 11. Calculate the remainder when u is divided by 22.
17
Let t = 1 + 1. Let p = 2 + 5. What is the remainder when p is divided by t?
1
Suppose -r + 3 = 6. Calculate the remainder when 77 is divided by 21 + 0/r + -1.
17
Suppose -3*g + 4*g - 21 = 0. What is the remainder when 6/(-3) - -2 - -40 is divided by g?
19
Let g be ((-83)/(-2))/((-1)/2). What is the remainder when 34 is divided by g/(-9) - 2/9?
7
Let j(t) = -5*t - 15. Suppose -m = 4*q + 22, 2 + 6 = -4*m + 4*q. Calculate the remainder when 73 is divided by j(m).
13
Let w = 54 - 0. Calculate the remainder when w is divided by 19.
16
What is the remainder when 22/(3 - (-57)/(-21)) is divided by 20?
17
Let j(l) = l**2 + 3. Let t be j(-6). Let u(c) = 29*c + 1. Let x be u(-1). Let v = t + x. What is the remainder when 20 is divided by v?
9
What is the remainder when 280/105*((-90)/(-4))/3 is divided by 12?
8
Suppose k - 1 = 0, 0*u - 3*u - 3*k + 75 = 0. Calculate the remainder when ((-28)/5)/(-5 - (-738)/150) is divided by u.
22
Suppose -y - 2 = -3*y. Suppose -2*s + y = -s. What is the remainder when s is divided by 1?
0
Let f = 9 + -5. Calculate the remainder when 10 is divided by f.
2
Let c = 31 - 48. Let j = 24 + c. What is the remainder when 12 is divided by j?
5
Let w = -5 + 27. Let r = 1 - -7. What is the remainder when w is divided by r?
6
Suppose 13*g - 22*g + 99 = 0. Suppose 5*p - 249 = -44. Calculate the remainder when p is divided by g.
8
Let t(y) = -y**2 + 5*y + 48. Calculate the remainder when 106 is divided by t(9).
10
Let w(g) = 2*g**2 - 10*g + 7. Let d be 23 + -1 - (-3 + 6). Suppose 4*m - 95 = -d. Calculate the remainder when w(8) is divided by m.
17
Let r(u) = -u**3 - 11*u**2 - 4*u + 6. What is the remainder when r(-11) is divided by 13?
11
Suppose 4*h - 3*s + 2*s = 62, 4*h - 56 = -2*s. What is the remainder when h is divided by 9?
6
Let l be ((-62)/3 - -4)*-6. Suppose -110 - l = -5*s. What is the remainder when s i